{"id":1497,"date":"2011-02-10T09:49:44","date_gmt":"2011-02-10T09:49:44","guid":{"rendered":"http:\/\/www.campuswerk.com\/Hochschulen-Deutschland"},"modified":"2022-05-11T06:52:23","modified_gmt":"2022-05-11T06:52:23","slug":"srh-fernfachhochschule-riedlingen","status":"publish","type":"page","link":"https:\/\/www.campuswerk.com\/Hochschulen-Deutschland\/private-hs\/private-hochschulen-baden-wurttemberg\/srh-fernfachhochschule-riedlingen","title":{"rendered":"SRH Fernfachhochschule Riedlingen"},"content":{"rendered":"<h4>Kontakt<\/h4>\n<div class=\"adresse\">\n<ul>\n<li>SRH Hochschulen GmbH Riedlingen<\/li>\n<li>Lange Str. 19<\/li>\n<li>88499 Riedlingen<\/li>\n<li>Telefon: +49 7371 93 15-0<\/li>\n<li>E-Mail: info@fh-riedlingen.srh.de<\/li>\n<li>\u00d6ffnungszeiten:<\/li>\n<li>Internet: <a title=\"SRH Hochschulen GmbH Riedlingen\" href=\"https:\/\/www.mobile-university.de\/\">https:\/\/www.mobile-university.de<\/a><\/li>\n<\/ul>\n<\/div>\n<pre>[wpmaps company=\"SRH Hochschulen GmbH Riedlingen\" street=\"Lange Str. 19\" city=\"88499 Riedlingen\"]<\/pre>\n<h5>\u00dcbersicht Studieng\u00e4nge<\/h5>\n<table border=\"0\" width=\"840\" cellpadding=\"0\">\n<tbody>\n<tr>\n<td class=\"tstyle\" width=\"40%\">Studieng\u00e4nge<\/td>\n<td class=\"tstyle\" align=\"center\" width=\"20%\">Bachlor<\/td>\n<td class=\"tstyle\" align=\"center\" width=\"20%\">Master<\/td>\n<td class=\"tstyle\" align=\"center\" width=\"20%\">Fernstudiengang<\/td>\n<\/tr>\n<tr>\n<td>Lebensmittelmanagement und -technologie<\/td>\n<td align=\"center\">B<\/td>\n<td align=\"center\"><\/td>\n<td align=\"center\"><\/td>\n<\/tr>\n<tr>\n<td>Wirtschaftspsychologie<\/td>\n<td align=\"center\">B<\/td>\n<td align=\"center\"><\/td>\n<td align=\"center\"><\/td>\n<\/tr>\n<tr>\n<td>Betriebswirtschaft<\/td>\n<td align=\"center\">B<\/td>\n<td align=\"center\"><\/td>\n<td align=\"center\"><\/td>\n<\/tr>\n<tr>\n<td>Gesundheits- und Sozialwirtschaft<\/td>\n<td align=\"center\">B<\/td>\n<td align=\"center\"><\/td>\n<td align=\"center\"><\/td>\n<\/tr>\n<tr>\n<td>Master of Business Administration<\/td>\n<td align=\"center\"><\/td>\n<td align=\"center\">M<\/td>\n<td align=\"center\"><\/td>\n<\/tr>\n<tr>\n<td>Health Care Management<\/td>\n<td align=\"center\"><\/td>\n<td align=\"center\">M<\/td>\n<td align=\"center\"><\/td>\n<\/tr>\n<tr>\n<td>Wirtschaftspsychologie, Leadership &amp; Management<\/td>\n<td align=\"center\"><\/td>\n<td align=\"center\">M<\/td>\n<td align=\"center\"><\/td>\n<\/tr>\n<tr>\n<td>Management Assistent\/in<\/td>\n<td align=\"center\"><\/td>\n<td align=\"center\"><\/td>\n<td align=\"center\"><\/td>\n<\/tr>\n<tr>\n<td>Betriebswirt\/in, Gesundheits\u00f6konomie f\u00fcr Mediziner<\/td>\n<td align=\"center\"><\/td>\n<td align=\"center\"><\/td>\n<td align=\"center\"><\/td>\n<\/tr>\n<\/tbody>\n<\/table>\n<p>Weitere private Hochschulen Baden-W\u00fcrttemberg: <a title=\"AKAD Hochschule Stuttgart\" href=\"https:\/\/www.campuswerk.com\/Hochschulen-Deutschland\/private-hs\/private-hochschulen-baden-wurttemberg\/kad-fachhochschulen\">AKAD Hochschule Stuttgart<\/a> | <a title=\"Fachhochschule Schw\u00e4bisch Hall\" href=\"https:\/\/www.campuswerk.com\/Hochschulen-Deutschland\/private-hs\/private-hochschulen-baden-wurttemberg\/fachhochschule-schwabisch-hall\">Fachhochschule Schw\u00e4bisch Hall<\/a> | <a title=\"Freie Hochschule f\u00fcr Grafik-Design und Bildende Kunst Freiburg\" href=\"https:\/\/www.campuswerk.com\/Hochschulen-Deutschland\/private-hs\/private-hochschulen-baden-wurttemberg\/freie-hochschule-fur-grafik-design-und-bildende-kunst-freiburg\">Freie Hochschule f\u00fcr Grafik-Design und Bildende Kunst Freiburg<\/a> | <a title=\"Freie Hochschule Stuttgart\" href=\"https:\/\/www.campuswerk.com\/Hochschulen-Deutschland\/private-hs\/private-hochschulen-baden-wurttemberg\/freie-hochschule-stuttgart\">Freie Hochschule Stuttgart<\/a> | <a title=\"German Graduate School of Management and Law\" href=\"https:\/\/www.campuswerk.com\/Hochschulen-Deutschland\/private-hs\/private-hochschulen-baden-wurttemberg\/german-graduate-school-of-management-and-law\">German Graduate School of Management and Law<\/a> | <a title=\"Gustav-Siewerth-Akademie\" href=\"https:\/\/www.campuswerk.com\/Hochschulen-Deutschland\/private-hs\/private-hochschulen-baden-wurttemberg\/gustav-siewerth-akademie\">Gustav-Siewerth-Akademie<\/a> | <a title=\"Merkur Internationale Fachhochschule Karlsruhe\" href=\"https:\/\/www.campuswerk.com\/Hochschulen-Deutschland\/private-hs\/private-hochschulen-baden-wurttemberg\/merkur-internationale-fachhochschule-karlsruhe\">Merkur Internationale Fachhochschule Karlsruhe<\/a> | <a title=\"Naturwissenschaftlich-Technische Akademie Isny\" href=\"https:\/\/www.campuswerk.com\/Hochschulen-Deutschland\/private-hs\/private-hochschulen-baden-wurttemberg\/naturwissenschaftlich-technische-akademie-isny\">Naturwissenschaftlich-Technische Akademie Isny<\/a> | <a title=\"SRH Hochschule Calw\" href=\"https:\/\/www.campuswerk.com\/Hochschulen-Deutschland\/private-hs\/private-hochschulen-baden-wurttemberg\/srh-hochschule-calw\">SRH Hochschule Calw<\/a> | <a title=\"Zeppelin Universit\u00e4t\" href=\"https:\/\/www.campuswerk.com\/Hochschulen-Deutschland\/universitaten\/universitateten-baden-wurttenberg\/zeppelin-universitat\">Zeppelin Universit\u00e4t<\/a><\/p>\n","protected":false},"excerpt":{"rendered":"<p>Kontakt SRH Hochschulen GmbH Riedlingen Lange Str. 19 88499 Riedlingen Telefon: +49 7371 93 15-0 E-Mail: info@fh-riedlingen.srh.de \u00d6ffnungszeiten: Internet: https:\/\/www.mobile-university.de [wpmaps company=&#8220;SRH Hochschulen GmbH Riedlingen&#8220; street=&#8220;Lange Str. 19&#8243; city=&#8220;88499 Riedlingen&#8220;] \u00dcbersicht Studieng\u00e4nge Studieng\u00e4nge Bachlor Master Fernstudiengang Lebensmittelmanagement und -technologie B Wirtschaftspsychologie B Betriebswirtschaft B Gesundheits- und Sozialwirtschaft B Master of Business Administration M Health Care [&hellip;]<\/p>\n","protected":false},"author":1,"featured_media":0,"parent":329,"menu_order":0,"comment_status":"open","ping_status":"open","template":"","meta":{"footnotes":""},"class_list":["post-1497","page","type-page","status-publish","hentry"],"_links":{"self":[{"href":"https:\/\/www.campuswerk.com\/Hochschulen-Deutschland\/wp-json\/wp\/v2\/pages\/1497","targetHints":{"allow":["GET"]}}],"collection":[{"href":"https:\/\/www.campuswerk.com\/Hochschulen-Deutschland\/wp-json\/wp\/v2\/pages"}],"about":[{"href":"https:\/\/www.campuswerk.com\/Hochschulen-Deutschland\/wp-json\/wp\/v2\/types\/page"}],"author":[{"embeddable":true,"href":"https:\/\/www.campuswerk.com\/Hochschulen-Deutschland\/wp-json\/wp\/v2\/users\/1"}],"replies":[{"embeddable":true,"href":"https:\/\/www.campuswerk.com\/Hochschulen-Deutschland\/wp-json\/wp\/v2\/comments?post=1497"}],"version-history":[{"count":5,"href":"https:\/\/www.campuswerk.com\/Hochschulen-Deutschland\/wp-json\/wp\/v2\/pages\/1497\/revisions"}],"predecessor-version":[{"id":3261,"href":"https:\/\/www.campuswerk.com\/Hochschulen-Deutschland\/wp-json\/wp\/v2\/pages\/1497\/revisions\/3261"}],"up":[{"embeddable":true,"href":"https:\/\/www.campuswerk.com\/Hochschulen-Deutschland\/wp-json\/wp\/v2\/pages\/329"}],"wp:attachment":[{"href":"https:\/\/www.campuswerk.com\/Hochschulen-Deutschland\/wp-json\/wp\/v2\/media?parent=1497"}],"curies":[{"name":"wp","href":"https:\/\/api.w.org\/{rel}","templated":true}]}}