{"id":1394,"date":"2011-02-10T08:17:10","date_gmt":"2011-02-10T08:17:10","guid":{"rendered":"http:\/\/www.campuswerk.com\/Hochschulen-Deutschland"},"modified":"2022-05-10T20:33:37","modified_gmt":"2022-05-10T20:33:37","slug":"philosophisch-theologische-hochschule-vallendar","status":"publish","type":"page","link":"https:\/\/www.campuswerk.com\/Hochschulen-Deutschland\/hochschulen\/hochschulen-rheinland-pfalz\/philosophisch-theologische-hochschule-vallendar","title":{"rendered":"Philosophisch-Theologische Hochschule Vallendar"},"content":{"rendered":"<h4>Kontakt<\/h4>\n<div class=\"adresse\">\n<ul>\n<li>Philosophisch-Theologische Hochschule Vallendar<\/li>\n<li>Pallottistra\u00dfe 3<\/li>\n<li>56179 Vallendar<\/li>\n<li>Telefon: +49 (0) 261 64 02 257<\/li>\n<li>E-Mail: pflege@pthv.de<\/li>\n<li>\u00d6ffnungszeiten:<\/li>\n<li>Internet: <a title=\"Philosophisch-Theologische Hochschule Vallendar \" href=\"https:\/\/www.pthv.de\">https:\/\/www.pthv.de<\/a><\/li>\n<\/ul>\n<\/div>\n<pre>[wpmaps company=\"Philosophisch-Theologische Hochschule Vallendar \" street=\"Pallottistra\u00dfe 3\" city=\"56179 Vallendar\"]<\/pre>\n<h5>\u00dcbersicht Studieng\u00e4nge<\/h5>\n<table border=\"0\" width=\"840\" cellpadding=\"0\">\n<tbody>\n<tr>\n<td class=\"tstyle\" width=\"40%\">Studieng\u00e4nge<\/td>\n<td class=\"tstyle\" align=\"center\" width=\"20%\">Bachlor<\/td>\n<td class=\"tstyle\" align=\"center\" width=\"20%\">Master<\/td>\n<td class=\"tstyle\" align=\"center\" width=\"20%\">Fernstudiengang<\/td>\n<\/tr>\n<tr>\n<td>Pflegewissenschaft<\/td>\n<td align=\"center\">B<\/td>\n<td align=\"center\"><\/td>\n<td align=\"center\"><\/td>\n<\/tr>\n<tr>\n<td>Theologie<\/td>\n<td align=\"center\"><\/td>\n<td align=\"center\"><\/td>\n<td align=\"center\"><\/td>\n<\/tr>\n<\/tbody>\n<\/table>\n<p>Weitere Hochschulen in Rheinland Pfalz: Deutsche Hochschule f\u00fcr Verwaltungswissenschaften Speyer | Fachhochschule Bingen | WHU\u2013Otto Beisheim School of Management<\/p>\n","protected":false},"excerpt":{"rendered":"<p>Kontakt Philosophisch-Theologische Hochschule Vallendar Pallottistra\u00dfe 3 56179 Vallendar Telefon: +49 (0) 261 64 02 257 E-Mail: pflege@pthv.de \u00d6ffnungszeiten: Internet: https:\/\/www.pthv.de [wpmaps company=&#8220;Philosophisch-Theologische Hochschule Vallendar &#8220; street=&#8220;Pallottistra\u00dfe 3&#8243; city=&#8220;56179 Vallendar&#8220;] \u00dcbersicht Studieng\u00e4nge Studieng\u00e4nge Bachlor Master Fernstudiengang Pflegewissenschaft B Theologie Weitere Hochschulen in Rheinland Pfalz: Deutsche Hochschule f\u00fcr Verwaltungswissenschaften Speyer | Fachhochschule Bingen | WHU\u2013Otto Beisheim School [&hellip;]<\/p>\n","protected":false},"author":1,"featured_media":0,"parent":460,"menu_order":0,"comment_status":"open","ping_status":"open","template":"","meta":{"footnotes":""},"class_list":["post-1394","page","type-page","status-publish","hentry"],"_links":{"self":[{"href":"https:\/\/www.campuswerk.com\/Hochschulen-Deutschland\/wp-json\/wp\/v2\/pages\/1394","targetHints":{"allow":["GET"]}}],"collection":[{"href":"https:\/\/www.campuswerk.com\/Hochschulen-Deutschland\/wp-json\/wp\/v2\/pages"}],"about":[{"href":"https:\/\/www.campuswerk.com\/Hochschulen-Deutschland\/wp-json\/wp\/v2\/types\/page"}],"author":[{"embeddable":true,"href":"https:\/\/www.campuswerk.com\/Hochschulen-Deutschland\/wp-json\/wp\/v2\/users\/1"}],"replies":[{"embeddable":true,"href":"https:\/\/www.campuswerk.com\/Hochschulen-Deutschland\/wp-json\/wp\/v2\/comments?post=1394"}],"version-history":[{"count":3,"href":"https:\/\/www.campuswerk.com\/Hochschulen-Deutschland\/wp-json\/wp\/v2\/pages\/1394\/revisions"}],"predecessor-version":[{"id":2952,"href":"https:\/\/www.campuswerk.com\/Hochschulen-Deutschland\/wp-json\/wp\/v2\/pages\/1394\/revisions\/2952"}],"up":[{"embeddable":true,"href":"https:\/\/www.campuswerk.com\/Hochschulen-Deutschland\/wp-json\/wp\/v2\/pages\/460"}],"wp:attachment":[{"href":"https:\/\/www.campuswerk.com\/Hochschulen-Deutschland\/wp-json\/wp\/v2\/media?parent=1394"}],"curies":[{"name":"wp","href":"https:\/\/api.w.org\/{rel}","templated":true}]}}