{"id":1058,"date":"2011-02-09T11:32:34","date_gmt":"2011-02-09T11:32:34","guid":{"rendered":"http:\/\/www.campuswerk.com\/Hochschulen-Deutschland"},"modified":"2011-05-02T13:24:02","modified_gmt":"2011-05-02T13:24:02","slug":"internationale-hochschule-calw","status":"publish","type":"page","link":"https:\/\/www.campuswerk.com\/Hochschulen-Deutschland\/hochschulen\/hochschulen-baden-wurttemberg\/internationale-hochschule-calw","title":{"rendered":"Internationale Hochschule Calw"},"content":{"rendered":"<h4>Kontakt<\/h4>\n<div class=\"adresse\">\n<ul>\n<li>Internationale Hochschule Calw<\/li>\n<li>B\u00e4tznerstr. 92<\/li>\n<li>75323 Bad Wildbad<\/li>\n<li>Telefon: +49 (0) 7081-380739<\/li>\n<li>E-Mail: mail@ih-calw.de<\/li>\n<li>\u00d6ffnungszeiten:<\/li>\n<li>Internet: <a title=\"Internationale Hochschule Calw\" href=\"http:\/\/www.ih-calw.de\">http:\/\/www.ih-calw.de<\/a><\/li>\n<\/ul>\n<\/div>\n<p>\u00a0<\/p>\n<pre>[wpmaps company=\"Internationale Hochschule Calw\" street=\"B\u00e4tznerstr. 92\" city=\"75323 Bad Wildbad\"]<\/pre>\n<h5>\u00dcbersicht Studieng\u00e4nge<\/h5>\n<table border=\"0\" cellpadding=\"0\" width=\"840\">\n<tbody>\n<tr>\n<td class=\"tstyle\" width=\"40%\">Studieng\u00e4nge<\/td>\n<td class=\"tstyle\" width=\"20%\" align=\"center\">Bachlor<\/td>\n<td class=\"tstyle\" width=\"20%\" align=\"center\">Master<\/td>\n<td class=\"tstyle\" width=\"20%\" align=\"center\">Fernstudiengang<\/td>\n<\/tr>\n<tr>\n<td>Innovative Ver\u00e4nderungsprozesse (Coaching und Systementwicklung)<\/td>\n<td align=\"center\">\u00a0<\/td>\n<td align=\"center\">M<\/td>\n<td align=\"center\">\u00a0<\/td>\n<\/tr>\n<tr>\n<td>Kunsttherapie (berufsbegleitend)<\/td>\n<td align=\"center\">\u00a0<\/td>\n<td align=\"center\">M<\/td>\n<td align=\"center\">\u00a0<\/td>\n<\/tr>\n<\/tbody>\n<\/table>\n<p>\u00a0<\/p>\n<p>Weitere Hochschulen Baden W\u00fcrttemberg: <a title=\"Akademie f\u00fcr Darstellende Kunst Baden-W\u00fcrttemberg\" href=\"https:\/\/www.campuswerk.com\/Hochschulen-Deutschland\/hochschulen\/hochschulen-baden-wurttemberg\/akademie-fur-darstellende-kunst-baden-wurttemberg\">Akademie f\u00fcr Darstellende Kunst Baden-W\u00fcrttemberg<\/a> | <a title=\"Duale Hochschule Baden-W\u00fcrttemberg\" href=\"https:\/\/www.campuswerk.com\/Hochschulen-Deutschland\/hochschulen\/hochschulen-baden-wurttemberg\/duale-hochschule-baden-wurttemberg\">Duale Hochschule Baden-W\u00fcrttemberg<\/a> | <a title=\"Evangelische Fachhochschule Freiburg\" href=\"https:\/\/www.campuswerk.com\/Hochschulen-Deutschland\/hochschulen\/hochschulen-baden-wurttemberg\/evangelische-fachhochschule-freiburg\">Evangelische Fachhochschule Freiburg<\/a> | <a title=\"Evangelische Fachhochschule Reutlingen-Ludwigsburg\" href=\"https:\/\/www.campuswerk.com\/Hochschulen-Deutschland\/hochschulen\/hochschulen-baden-wurttemberg\/evangelische-fachhochschule-reutlingen-ludwigsburg\">Evangelische Fachhochschule Reutlingen-Ludwigsburg<\/a> | <a title=\"Evangelische Hochschule f\u00fcr Kirchenmusik T\u00fcbingen\" href=\"https:\/\/www.campuswerk.com\/Hochschulen-Deutschland\/hochschulen\/hochschulen-baden-wurttemberg\/evangelische-hochschule-fur-kirchenmusik-tubingen\">Evangelische Hochschule f\u00fcr Kirchenmusik T\u00fcbingen<\/a>| <a title=\"Fachhochschule f\u00fcr Rechtspflege Schwetzingen\" href=\"https:\/\/www.campuswerk.com\/Hochschulen-Deutschland\/hochschulen\/hochschulen-baden-wurttemberg\/fachhochschule-fur-rechtspflege-schwetzingen\">Fachhochschule f\u00fcr Rechtspflege Schwetzingen<\/a> |<a title=\"Filmakademie Baden-W\u00fcrttemberg\" href=\"https:\/\/www.campuswerk.com\/Hochschulen-Deutschland\/hochschulen\/hochschulen-baden-wurttemberg\/filmakademie-baden-wurttemberg\">Filmakademie Baden-W\u00fcrttemberg<\/a> | <a title=\"Duale Hochschule Baden-W\u00fcrttemberg\" href=\"https:\/\/www.campuswerk.com\/Hochschulen-Deutschland\/hochschulen\/hochschulen-baden-wurttemberg\/hochschule-aalen\">Hochschule Aalen<\/a> | <a title=\"Hochschule Albstadt-Simaringen\" href=\"https:\/\/www.campuswerk.com\/Hochschulen-Deutschland\/hochschulen\/hochschulen-baden-wurttemberg\/hochschule-albstadt-simaringen\">Hochschule Albstadt-Simaringen<\/a> | <a title=\"Hochschule Biberach\" href=\"https:\/\/www.campuswerk.com\/Hochschulen-Deutschland\/hochschulen\/hochschulen-baden-wurttemberg\/hochschule-biberach\">Hochschule Biberach<\/a> | <a title=\"Hochschule der Bundesagentur f\u00fcr Arbeit\" href=\"https:\/\/www.campuswerk.com\/Hochschulen-Deutschland\/hochschulen\/hochschulen-baden-wurttemberg\/hochschule-der-bundesagentur-fur-arbeit\">Hochschule der Bundesagentur f\u00fcr Arbeit<\/a>| <a title=\"Hochschule der Medien Stuttgart\" href=\"https:\/\/www.campuswerk.com\/Hochschulen-Deutschland\/hochschulen\/hochschulen-baden-wurttemberg\/hochschule-der-medien-stuttgart\">Hochschule der Medien Stuttgart<\/a><\/p>\n","protected":false},"excerpt":{"rendered":"<p>Kontakt Internationale Hochschule Calw B\u00e4tznerstr. 92 75323 Bad Wildbad Telefon: +49 (0) 7081-380739 E-Mail: mail@ih-calw.de \u00d6ffnungszeiten: Internet: http:\/\/www.ih-calw.de \u00a0 [wpmaps company=&#8220;Internationale Hochschule Calw&#8220; street=&#8220;B\u00e4tznerstr. 92&#8243; city=&#8220;75323 Bad Wildbad&#8220;] \u00dcbersicht Studieng\u00e4nge Studieng\u00e4nge Bachlor Master Fernstudiengang Innovative Ver\u00e4nderungsprozesse (Coaching und Systementwicklung) \u00a0 M \u00a0 Kunsttherapie (berufsbegleitend) \u00a0 M \u00a0 \u00a0 Weitere Hochschulen Baden W\u00fcrttemberg: Akademie f\u00fcr Darstellende [&hellip;]<\/p>\n","protected":false},"author":1,"featured_media":0,"parent":323,"menu_order":0,"comment_status":"open","ping_status":"open","template":"","meta":{"footnotes":""},"class_list":["post-1058","page","type-page","status-publish","hentry"],"_links":{"self":[{"href":"https:\/\/www.campuswerk.com\/Hochschulen-Deutschland\/wp-json\/wp\/v2\/pages\/1058","targetHints":{"allow":["GET"]}}],"collection":[{"href":"https:\/\/www.campuswerk.com\/Hochschulen-Deutschland\/wp-json\/wp\/v2\/pages"}],"about":[{"href":"https:\/\/www.campuswerk.com\/Hochschulen-Deutschland\/wp-json\/wp\/v2\/types\/page"}],"author":[{"embeddable":true,"href":"https:\/\/www.campuswerk.com\/Hochschulen-Deutschland\/wp-json\/wp\/v2\/users\/1"}],"replies":[{"embeddable":true,"href":"https:\/\/www.campuswerk.com\/Hochschulen-Deutschland\/wp-json\/wp\/v2\/comments?post=1058"}],"version-history":[{"count":5,"href":"https:\/\/www.campuswerk.com\/Hochschulen-Deutschland\/wp-json\/wp\/v2\/pages\/1058\/revisions"}],"predecessor-version":[{"id":2113,"href":"https:\/\/www.campuswerk.com\/Hochschulen-Deutschland\/wp-json\/wp\/v2\/pages\/1058\/revisions\/2113"}],"up":[{"embeddable":true,"href":"https:\/\/www.campuswerk.com\/Hochschulen-Deutschland\/wp-json\/wp\/v2\/pages\/323"}],"wp:attachment":[{"href":"https:\/\/www.campuswerk.com\/Hochschulen-Deutschland\/wp-json\/wp\/v2\/media?parent=1058"}],"curies":[{"name":"wp","href":"https:\/\/api.w.org\/{rel}","templated":true}]}}